6 composite?
True
Is 4351819 a composite number?
False
Is 29214329 composite?
True
Is 16907731 composite?
False
Is 372797 prime?
True
Is 572923465 prime?
False
Is 10502281 a prime number?
True
Is 7510729 prime?
True
Is 38043037 composite?
False
Is 6219443 prime?
True
Is 881833 prime?
True
Is 1398703 composite?
True
Is 8635513 prime?
True
Is 55994739 prime?
False
Is 9938953 a composite number?
False
Is 1893347 a composite number?
False
Is 3608669 prime?
True
Is 84869819 a composite number?
False
Is 5317517 prime?
True
Is 16625293 a composite number?
True
Is 100177561 a composite number?
True
Is 4816527 a prime number?
False
Is 376486399 composite?
False
Is 142491323 prime?
False
Is 9042491 prime?
True
Is 38685413 composite?
True
Is 372169901 a composite number?
False
Is 6761243 composite?
True
Is 1453369 prime?
True
Is 2408561 prime?
True
Is 12118553 composite?
False
Is 54649255 prime?
False
Is 6183505 a composite number?
True
Is 37871981 a composite number?
True
Is 14922013 a prime number?
True
Is 124239721 composite?
True
Is 1079627 composite?
True
Is 10062149 prime?
True
Is 194921407 prime?
False
Is 171395351 composite?
False
Is 38402279 a composite number?
False
Is 21885937 prime?
True
Is 7731179 a prime number?
True
Is 269981 composite?
False
Is 1638409 a composite number?
True
Is 47350222 a composite number?
True
Is 11957527 prime?
False
Is 34578121 a prime number?
False
Is 463878489 a composite number?
True
Is 138078209 a prime number?
True
Is 54331879 a prime number?
False
Is 26472079 prime?
False
Is 2432851 a prime number?
True
Is 298552591 a prime number?
True
Is 2420863 composite?
False
Is 5282441 a prime number?
True
Is 178845167 prime?
True
Is 1286389 a prime number?
False
Is 2980669 composite?
False
Is 1130897 a prime number?
False
Is 56498719 composite?
False
Is 3760117 prime?
True
Is 19061909 a composite number?
False
Is 2166917 prime?
True
Is 792293 composite?
False
Is 11224693 composite?
True
Is 5873129 a prime number?
True
Is 7199369 a prime number?
True
Is 2336902 a composite number?
True
Is 3074821 a composite number?
False
Is 31247053 a composite number?
True
Is 172790987 a composite number?
False
Is 78846577 a prime number?
False
Is 2729359 a prime number?
True
Is 1445801 a prime number?
False
Is 28781435 prime?
False
Is 104152949 a prime number?
False
Is 1313117 composite?
True
Is 26611081 a composite number?
True
Is 2899901 a prime number?
False
Is 24111853 prime?
False
Is 19737977 a prime number?
False
Is 19155509 prime?
True
Is 30807779 a composite number?
True
Is 34845037 prime?
False
Is 52723577 a prime number?
True
Is 132306103 a prime number?
True
Is 9390257 composite?
False
Is 16352983 a prime number?
True
Is 222141971 a prime number?
True
Is 151689683 a composite number?
False
Is 3981161 a prime number?
True
Is 153339343 composite?
True
Is 38770447 a prime number?
False
Is 5967803 a composite number?
False
Is 52462805 prime?
False
Is 16145 a prime number?
False
Is 106249961 a prime number?
False
Is 21932039 a prime number?
True
Is 3406593 composite?
True
Is 323025467 composite?
False
Is 1991027 prime?
True
Is 11598967 a composite number?
True
Is 11100733 composite?
True
Is 107241319 a composite number?
False
Is 129585733 a prime number?
True
Is 6908963 a composite number?
True
Is 23256529 prime?
False
Is 9055303 composite?
True
Is 9235441 a composite number?
True
Is 7795907 a composite number?
True
Is 5014907 a prime number?
False
Is 63325553 prime?
False
Is 137416319 composite?
False
Is 9030971 a composite number?
False
Is 56562251 a composite number?
False
Is 2666163 prime?
False
Is 48157063 a composite number?
True
Is 13237727 a prime number?
True
Is 6982111 composite?
False
Is 2721731 prime?
False
Is 53485637 a prime number?
True
Is 4559255 a composite number?
True
Is 105941833 prime?
True
Is 17367663 a prime number?
False
Is 540799007 prime?
False
Is 4620219 prime?
False
Is 41405911 composite?
True
Is 1188842 a composite number?
True
Is 6644863 a prime number?
True
Is 21352687 a composite number?
False
Is 73409543 a composite number?
False
Is 7988329 a composite number?
True
Is 39977669 a prime number?
True
Is 616459 composite?
False
Is 242479 a prime number?
True
Is 4483085 composite?
True
Is 73627919 a composite number?
True
Is 1596263 composite?
True
Is 44962103 prime?
True
Is 9121641 a prime number?
False
Is 11780777 composite?
False
Is 58685983 prime?
True
Is 17971001 a composite number?
False
Is 8593583 a prime number?
False
Is 5281817 composite?
False
Is 189218797 composite?
True
Is 32852035 a composite number?
True
Is 1726853 composite?
True
Is 212610637 a prime number?
True
Is 100989509 a composite number?
False
Is 1776895 a composite number?
True
Is 10072807 a composite number?
True
Is 119501411 prime?
True
Is 2561387 a prime number?
True
Is 812571131 prime?
False
Is 44645171 composite?
False
Is 1617019 prime?
True
Is 8022643 prime?
False
Is 594515957 prime?
False
Is 482549 composite?
True
Is 21548897 a prime number?
True
Is 326751 a prime number?
False
Is 20672402 a prime number?
False
Is 2018021 a composite number?
False
Is 2599619 a composite number?
True
Is 13408187 composite?
True
Is 16829369 a composite number?
False
Is 7640987 composite?
False
Is 141278567 prime?
True
Is 59376203 prime?
False
Is 15127033 a prime number?
False
Is 101916433 a prime number?
True
Is 6371107 a composite number?
True
Is 75051761 prime?
False
Is 28416022 composite?
True
Is 9291467 a prime number?
True
Is 5138261 prime?
False
Is 162952691 a composite number?
True
Is 66490679 a prime number?
True
Is 2938189 prime?
True
Is 90194935 prime?
False
Is 72042809 composite?
False
Is 44058613 a composite number?
False
Is 4996645 prime?
False
Is 207858869 a prime number?
True
Is 5476663 a composite number?
False
Is 4332239 a prime number?
True
Is 1932181 composite?
False
Is 29665627 a composite number?
False
Is 5148641 composite?
True
Is 15525929 a composite number?
True
Is 9333343 composite?
True
Is 9031513 composite?
True
Is 2926919 a prime number?
True
Is 394154395 a composite number?
True
Is 4035737 a composite number?
False
Is 50881235 a prime number?
False
Is 8568089 prime?
False
Is 1460831 prime?
False
Is 1816301 prime?
True
Is 88707977 a prime number?
True
Is 2024147 a prime number?
True
Is 8739607 prime?
True
Is 18899071 composite?
False
Is 16312369 a composite number?
True
Is 65103638 a composite number?
True
Is 18427531 prime?
False
Is 9554719 prime?
True
Is 11433311 prime?
True
Is 21113549 a composite number?
False
Is 42539129 a prime number?
False
Is 17094839 a composite number?
False
Is 313491037 composite?
False
Is 2616041 prime?
True
Is 18539533 a composite number?
False
Is 9153359 a prime number?
False
Is 46601449 prime?
True
Is 130733017 a prime number?
True
Is 2861497 a prime number?
True
Is 152587823 prime?
True
Is 279106567 composite?
False
Is 10928019 composite?
True
Is 3420647 prime?
True
Is 134243 composite?
False
Is 1282571 a composite number?
False
Is 364325383 prime?
True
Is 329287 a composite number?
True
Is 6134257 a prime number?
True
Is 77641 composite?
False
Is 12284281 composite?
False
Is 1450402 composite?
True
Is 123358589 prime?
False
Is 14092087 composite?
False
Is 7773673 a prime number?
True
Is 27048017 composite?
False
Is 3530159 composite?
False
Is 102953 a prime number?
True
Is 14014327 a prime number?
False
Is 128509 a composite number?
False
Is 8744777 composite?
True
Is 187867237 a composite number?
False
Is 127859867 composite?
False
Is 473441 composite?
False
Is 53491639 prime?
False
Is 1579177 prime?
False
Is 935761 a prime number?
True
Is 38686031 a composite number?
True
Is 2217841 prime?
False
Is 113656817 prime?
False
Is 125269541 a composite number?
False
Is 2683361 a prime number?
True
Is 1362239 a composite number?
True
Is 10941569 composite?
True
Is 511327 a prime number?
True
Is 325903 a composite number?
True
Is 9735041 composite?
True
Is 16438511 a prime number?
True
Is 20841179 a composite number?
False
Is 4746617 composite?
False
Is 90313399 a composite number?
True
Is 512587523 a prime number?
False
Is 15339197 prime?
True
Is 11651935 a prime number?
False
Is 63144097 composite?
False
Is 8561057 a composite number?
False
Is 61800853 composite?
False
Is 2840712